924576?
9
What is the tens digit of 225228?
2
What is the units digit of 536708?
8
What is the thousands digit of 4787663?
7
What is the units digit of 2179857?
7
What is the hundreds digit of 43295?
2
What is the units digit of 5168199?
9
What is the hundred thousands digit of 1091320?
0
What is the tens digit of 304697?
9
What is the ten thousands digit of 989201?
8
What is the thousands digit of 542136?
2
What is the units digit of 483229?
9
What is the ten thousands digit of 376546?
7
What is the ten thousands digit of 1140731?
4
What is the hundred thousands digit of 334807?
3
What is the units digit of 14666304?
4
What is the hundred thousands digit of 1198649?
1
What is the thousands digit of 34561714?
1
What is the units digit of 17711?
1
What is the tens digit of 341200?
0
What is the units digit of 89086?
6
What is the ten thousands digit of 1508862?
0
What is the tens digit of 12849802?
0
What is the hundreds digit of 1475905?
9
What is the units digit of 5813914?
4
What is the units digit of 247765?
5
What is the units digit of 940934?
4
What is the thousands digit of 27928384?
8
What is the thousands digit of 1286207?
6
What is the ten thousands digit of 172257?
7
What is the units digit of 350696?
6
What is the units digit of 364154?
4
What is the hundred thousands digit of 114262?
1
What is the hundreds digit of 905512?
5
What is the units digit of 5718487?
7
What is the millions digit of 5376345?
5
What is the units digit of 3493593?
3
What is the hundreds digit of 2749062?
0
What is the ten thousands digit of 280540?
8
What is the hundreds digit of 1716925?
9
What is the hundred thousands digit of 16523467?
5
What is the ten millions digit of 10733042?
1
What is the thousands digit of 792298?
2
What is the units digit of 70465?
5
What is the thousands digit of 912072?
2
What is the units digit of 13912?
2
What is the tens digit of 2293920?
2
What is the units digit of 949286?
6
What is the tens digit of 4093994?
9
What is the tens digit of 249408?
0
What is the tens digit of 1343719?
1
What is the tens digit of 165811?
1
What is the tens digit of 637831?
3
What is the hundreds digit of 40239?
2
What is the tens digit of 1391873?
7
What is the hundred thousands digit of 3331957?
3
What is the hundreds digit of 114627?
6
What is the millions digit of 1266813?
1
What is the ten thousands digit of 10499150?
9
What is the thousands digit of 14266736?
6
What is the hundred thousands digit of 370379?
3
What is the tens digit of 33399968?
6
What is the units digit of 71867?
7
What is the hundred thousands digit of 19669566?
6
What is the hundred thousands digit of 4699262?
6
What is the units digit of 3002958?
8
What is the ten thousands digit of 90820?
9
What is the hundred thousands digit of 384048?
3
What is the ten thousands digit of 11494611?
9
What is the tens digit of 7140463?
6
What is the ten thousands digit of 4854219?
5
What is the thousands digit of 7539973?
9
What is the tens digit of 2241819?
1
What is the ten thousands digit of 365282?
6
What is the hundreds digit of 452469?
4
What is the ten thousands digit of 17355505?
5
What is the ten millions digit of 40123313?
4
What is the hundreds digit of 1112212?
2
What is the ten thousands digit of 381817?
8
What is the units digit of 909211?
1
What is the units digit of 6297127?
7
What is the tens digit of 444509?
0
What is the hundreds digit of 365879?
8
What is the tens digit of 159444?
4
What is the tens digit of 3865138?
3
What is the thousands digit of 264536?
4
What is the ten millions digit of 12584566?
1
What is the tens digit of 182844?
4
What is the ten thousands digit of 1203807?
0
What is the thousands digit of 1199836?
9
What is the hundred thousands digit of 176498?
1
What is the ten thousands digit of 821424?
2
What is the thousands digit of 1083506?
3
What is the millions digit of 1552704?
1
What is the millions digit of 1252999?
1
What is the thousands digit of 2120594?
0
What is the ten thousands digit of 56354?
5
What is the thousands digit of 289461?
9
What is the ten thousands digit of 24181753?
8
What is the hundred thousands digit of 10661742?
6
What is the ten thousands digit of 1089396?
8
What is the hundred thousands digit of 110879?
1
What is the thousands digit of 209864?
9
What is the ten thousands digit of 6254436?
5
What is the units digit of 1836699?
9
What is the hundreds digit of 9549119?
1
What is the thousands digit of 134038?
4
What is the tens digit of 11437135?
3
What is the thousands digit of 1806700?
6
What is the hundred thousands digit of 907277?
9
What is the hundred thousands digit of 738920?
7
What is the thousands digit of 998881?
8
What is the hundred thousands digit of 745376?
7
What is the hundreds digit of 349964?
9
What is the units digit of 207922?
2
What is the tens digit of 662054?
5
What is the tens digit of 28529985?
8
What is the ten thousands digit of 33751438?
5
What is the units digit of 1025401?
1
What is the thousands digit of 13550894?
0
What is the tens digit of 32730864?
6
What is the hundreds digit of 6541475?
4
What is the hundreds digit of 482844?
8
What is the millions digit of 1560760?
1
What is the tens digit of 986162?
6
What is the units digit of 123366?
6
What is the tens digit of 12835120?
2
What is the units digit of 99096?
6
What is the units digit of 35508?
8
What is the ten thousands digit of 864334?
6
What is the ten thousands digit of 19968?
1
What is the hundreds digit of 364191?
1
What is the hundreds digit of 326477?
4
What is the hundreds digit of 1686256?
2
What is the hundreds digit of 409683?
6
What is the hundred thousands digit of 13164356?
1
What is the hundred thousands digit of 1416132?
4
What is the hundreds digit of 5561056?
0
What is the tens digit of 928880?
8
What is the hundreds digit of 1196361?
3
What is the hundreds digit of 176267?
2
What is the hundreds digit of 1360667?
6
What is the ten thousands digit of 2011486?
1
What is the units digit of 13518514?
4
What is the millions digit of 5272805?
5
What is the thousands digit of 59740?
9
What is the ten thousands digit of 1131956?
3
What is the hundreds digit of 24575816?
8
What is the ten thousands digit of 151963?
5
What is the millions digit of 1472478?
1
What is the units digit of 18187283?
3
What is the hundreds digit of 15877372?
3
What is the ten thousands digit of 1536110?
3
What is the tens digit of 424170?
7
What is the tens digit of 18019712?
1
What is the thousands digit of 4320769?
0
What is the units digit of 9825070?
0
What is the millions digit of 1871631?
1
What is the units digit of 535463?
3
What is the ten millions digit of 16585979?
1
What is the hundred thousands digit of 577965?
5
What is the hundreds digit of 1197942?
9
What is the units digit of 4053212?
2
What is the millions digit of 1095883?
1
What is the units digit of 2357021?
1
What is the units digit of 68707?
7
What is the hundreds digit of 23503859?
8
What is the hundreds digit of 134758?
7
What is the thousands digit of 26843102?
3
What is the tens digit of 15380688?
8
What is the thousands digit of 272498?
2
What is the thousands digit of 558859?
8
What is the millions digit of 1499480?
1
What is the ten thousands digit of 502156?
0
What is the units digit of 629431?
1
What is the hundred thousands digit of 36126136?
1
What is the hundred thousands digit of 189355?
1
What is the units digit of 1062723?
3
What is the hundreds digit of 1030316?
3
What is the tens digit of 1244400?
0
What is the millions digit of 34803359?
4
What is the tens digit of 234674?
7
What is the units digit of 576177?
7
What is the tens digit of 3501687?
8
What is the hundred thousands digit of 771826?
7
What is the units digit of 8219114?
4
What is the units digit of 122597?
7
What is the ten thousands digit of 7456321?
5
What is the tens digit of 1676292?
9
What is the ten thousands digit of 5364880?
6
What is the units digit of 316201?
1
What is the thousands digit of 1717412?
7
What is the tens digit of 1384815?
1
What is the ten thousands digit of 14083945?
8
What is the tens digit of 22443987?
8
What is the ten thousands digit of 447873?
4
What is the hundreds digit of 21757415?
4
What is the hundreds digit of 1162282?
2
What is the millions digit of 775